) = 4*r**3 - 1. Calculate b(c).
-5
Let w(d) = d**2 - 8*d + 3. Let p(i) = 7*i**2 - 13*i + 1. Let c(u) = 11*u**2 - 19*u + 1. Let k(s) = 5*c(s) - 8*p(s). Let m(f) = -4*k(f) - 5*w(f). What is m(3)?
0
Suppose 0 = i + 4*i. Let k(c) = -11*c**3 - 9*c**2 + 32. Let q(a) = 5*a**3 + 4*a**2 - 16. Let t(d) = -4*k(d) - 9*q(d). Calculate t(i).
16
Let w(f) = -136 + 470 - 151 - 140 + 5*f. Give w(-8).
3
Let l(n) be the third derivative of n**4/12 + n**3/6 + 9*n**2 - 4*n. What is l(-5)?
-9
Let n(f) = f**2 - 6*f + 2. Let i be n(3). Let k(r) be the first derivative of r**2/2 + 53. Calculate k(i).
-7
Let b(i) be the second derivative of i**5/120 + 5*i**4/24 - 10*i**3/3 - 40*i. Let q(n) be the second derivative of b(n). Determine q(-10).
-5
Let b(h) = -h**3 - 6*h**2 - 6*h + 3. Let u be (120/(-24))/(1/3*3). Give b(u).
8
Let z be (-18)/(-4) - 1/(-2). Let b(u) = u**3 - 18*u - 1. Let d be b(-4). Let l(s) = -2*s**2 - 2*s**2 + s**3 - 24*s + d + 17*s. Calculate l(z).
-3
Let s(f) = f**3 - f**2 - f. Suppose -5*o + 25 = -5*z, 0 = -2*z + z + 4*o - 20. Calculate s(z).
0
Let d be (-24)/18*6/(-4). Let h(y) = y - y**3 + 0*y**3 - 5 + d*y**3 - 5 - 7*y**2. Let f be h(7). Let z(k) = -k**2 - k - 3. What is z(f)?
-9
Let a be (-5 + 4 + 0)/((-3)/6). Let i(k) = -3*k - 18 + 24 + 16 - k**a + 2*k. Give i(0).
22
Let h(f) = f**3 + 11*f**2 + 9*f - 5. Let v be h(-10). Let u(d) = -4*d**2 + 3*d - 826*d**3 + 827*d**3 - v + 2. What is u(3)?
-3
Suppose -t = 5*l - 4*t - 65, 4*l - 79 = -3*t. Let c be (2 + -4)/(l/8). Let i(g) = -9*g. Give i(c).
9
Let a(o) be the first derivative of o**5/20 + o**3/6 + o**2/2 + 7*o - 18. Let s(h) be the first derivative of a(h). Give s(2).
11
Let k(p) = 0*p - 5*p + p. Give k(-3).
12
Let d(o) = o - 9. Let m(g) = g - 8. Suppose f - 4*f + 6 = 0. Let p(v) = f*d(v) - 3*m(v). Give p(0).
6
Let n be 3/4*(-4 + -4). Let m(f) = 2 - 17 - 2 + f**2 + 5 + 4 + 6*f. Determine m(n).
-8
Let c be (-6)/(-1 - -3)*-1. Let w(l) = c*l - l + 3*l - 2*l. Let i(g) = g**3 - 12*g**2 - 3*g + 35. Let s be i(12). Give w(s).
-3
Suppose 0 = 12*k - 403 + 379. Let x(b) be the third derivative of 5*b**k + 0*b - 1/8*b**4 + 0 + 7/6*b**3. Determine x(6).
-11
Let m(r) = -r + 1. Let v(x) = 3*x + 4. Let w(k) = 6*m(k) - v(k). Let y be (-30)/(-6) + 2 + -1. Let n(g) = 4*g - 1. Let u(t) = y*w(t) + 13*n(t). Calculate u(-1).
1
Let s(j) be the first derivative of 11*j**2/2 + 19*j + 832. What is s(-2)?
-3
Let p be 1/3 + 52/6. Let r be 27/p*4/6. Suppose 1 = 3*n - r. Let g(w) = w. Calculate g(n).
1
Let z(d) = d**3 + d + 14. Let l = 19 - 19. Suppose -3 = 3*g - l. Let t be (2 + -2)/(0 - g). Give z(t).
14
Let s(f) = f**2 + 2*f + 1. Let o(q) be the third derivative of 0*q - 13/6*q**3 + 3*q**2 + 0 + 1/12*q**4. Let x be o(6). Give s(x).
0
Let g be (-2)/(-3)*9/6. Let d(o) = -1 + 584*o**2 + g - 590*o**2 + o**3. What is d(6)?
0
Suppose 172 - 207 = 5*x. Let c(z) = z + 13. What is c(x)?
6
Let t = 22 + -12. Let r be -10*(2 + (-24)/t). Let v(j) = 7 + j + 6 + 9 - 30 + 4. Give v(r).
0
Let d(n) = 3*n**2 - 11*n + 12. Let z(h) = -27 + 14 - 10 - 13*h**2 - 25 + 45*h. Let w(r) = -9*d(r) - 2*z(r). Determine w(8).
-4
Let q be 5/(25 + 0) - (-42)/(-35). Let p(m) = -32*m**2 - m. Calculate p(q).
-31
Let q = -1 - -1. Let r(x) = 70*x - x**3 - 149*x + 1 + 80*x. Calculate r(q).
1
Let s(c) = -2*c + 19. Let y be 646/114 - 3/(-9). Calculate s(y).
7
Let r(x) be the second derivative of -x**3/6 - 39*x**2/2 + 3*x + 3. Determine r(0).
-39
Let b be (4 - -1)*1 - 0/5. Suppose s - 9 = -d, b*s = 3*d - 0*d + 13. Let v(y) = -y - 7. What is v(s)?
-12
Let i(q) = 7*q**3 + 2*q**2. Let m(g) = g**2 + 5*g + 4. Let b be m(-2). Give i(b).
-48
Let v(n) = 3*n**2 - 1. Let s(b) = 10*b**2 + 9*b - 2. Let k(j) = s(j) - 3*v(j). What is k(-7)?
-13
Let t(o) = 4*o**3 - 6*o**2 + o - 7. Let j(q) = 8*q**3 - 11*q**2 + 2*q - 13. Let r(w) = -6*j(w) + 11*t(w). What is r(1)?
-4
Let z(r) = -18*r - 11. Let i(o) = -14*o - 10. Let m(b) = -4*i(b) + 3*z(b). What is m(-13)?
-19
Let h be (-114)/(266/14) + 1*4. Let t(x) = 4*x**3 + 3*x**2 + 2*x. Calculate t(h).
-24
Let l(i) be the first derivative of -i**3/3 - 5*i**2 - 8*i - 202. Suppose w + 2 = 4*a - 4, -5*w + 2*a - 30 = 0. Give l(w).
16
Let d(j) = -2*j**2 - 2*j. Let n(s) = s**3 - 4*s**2 - 2*s - 7. Let h be n(5). Suppose h = -3*y - y. What is d(y)?
-4
Let d(p) = -p**2 - 15*p - 13. Let x be d(-14). Suppose -5*u = -3*q - 4, -5*u + 3 = -4*q + x. Let h(a) = -13*a - a**2 + 13*a + 0*a**q. Determine h(2).
-4
Suppose -99 + 49 = a. Let s = -56 - a. Let n(k) = -5*k**2 + 4 + 3 + k**3 - 2*k**3 + 9*k. Determine n(s).
-11
Let w(k) be the second derivative of k**5/20 + 5*k**4/4 + 13*k**3/3 + 2*k**2 + 60*k. Give w(-13).
4
Let p(k) = k**2 - k - 7. Let w(j) be the third derivative of j**5/60 + 5*j**4/6 + 4*j**3 + 13*j**2 - 2*j. Let u be w(-19). Calculate p(u).
13
Let m(h) be the second derivative of -h**5/20 + 5*h**4/12 - 2*h**3/3 - h**2 + 7*h - 1. Calculate m(4).
-2
Let j(l) = 5 + l + 250*l**3 - 125*l**3 - 5*l**2 - 4*l - 124*l**3. Let f(d) = -d + 1. Let w be f(-4). Determine j(w).
-10
Let f(q) = 3*q**2 - 5*q + 3. Let w be f(0). Let b(p) be the second derivative of p**5/20 - p**4/4 + p**3/6 + p**2 + p. Calculate b(w).
5
Let x(m) = 3*m - 1 + 4*m + 2. Let t(b) be the third derivative of -b**5/60 - 3*b**4/8 + b**3/6 + 11*b**2. Let h be t(-9). Determine x(h).
8
Let t(n) = n**2 + 7*n + 6. Let a be t(-7). Let q be -30 + 29 + 1/(1 - 0). Let d(m) = q*m - a - m - 2. Calculate d(6).
-14
Suppose 0 = 54*c - 51*c - 15. Let a(o) = -o. Let i(k) = -3*k - 1. Let n(p) = 5*a(p) - 2*i(p). What is n(c)?
7
Let i(f) be the second derivative of f**5/20 - f**4/3 + f**3/6 + 2*f**2 + 5*f. Let o = -3 - -6. Let v be i(o). Let d(r) = 3*r + 1. Determine d(v).
-5
Let c(g) = g + 2. Suppose -13*d - 13 + 78 = 0. Give c(d).
7
Let o(i) = -14*i - 11. Let k(g) = 5*g + 4. Let f(t) = -t**2 + 5*t - 10. Let a be f(3). Let l(x) = a*o(x) - 11*k(x). Let b be (-2)/(-3)*6*-1. Determine l(b).
-4
Let a(k) = 125 - 13*k + 7*k**2 - 139 - k**3 + 7*k**2. What is a(13)?
-14
Let w = -35 + 35. Let k(h) = -7*h + 6. Let v(o) = 20*o - 18. Let f(x) = 17*k(x) + 6*v(x). Calculate f(w).
-6
Let m(d) be the third derivative of d**6/120 + d**5/60 - d**4/24 - 3*d**2 + 16*d. Calculate m(2).
10
Let o be (2/(-2))/(-6 - -5). Let m(j) = 5*j**3 + 1. Let s be m(o). Let h be (2/s)/((-5)/(-30)). Let g(l) = -2*l**2 - 2. Give g(h).
-10
Let n be 1*(-1 - 0/2)*-6. Suppose -n*k = -7*k. Let d(w) = -w**3 - w**2. Determine d(k).
0
Let a(n) = 10*n - 25. Let r(j) = -10*j + 21. Let y(b) = 5*a(b) + 6*r(b). Let v(f) = f**3 + 5*f**2 + 4*f + 1. Let o be v(-4). Determine y(o).
-9
Let x(n) be the second derivative of 1/12*n**4 + 4 + 6*n**2 + 6*n - 11/6*n**3. Give x(10).
2
Let x be 3*2/8*4. Suppose 5*j - x*h - 6 = 0, 2*j = 6*j - 5*h - 10. Let r(a) = -a + 1. Calculate r(j).
1
Let x(s) be the second derivative of s**4/12 - 7*s**3/6 - 28*s. Let o(v) = 15*v - 9. Let q be o(1). Determine x(q).
-6
Suppose 4*p = w + 2, 83*w = 81*w - p + 5. Let k(f) = 6*f**3 - f**2 + 5*f - 5. What is k(w)?
49
Suppose 2*v - 3*n = -1 + 69, 3*v - 100 = 5*n. Let i = -688 - -725. Let u = i - v. Let q(j) = -j**3 - 2*j**2 + j + 3. What is q(u)?
9
Let a(x) = -16*x - x**2 + 3*x + 17 - 55 + 28 + 0*x**2. Give a(-14).
-24
Suppose 2*c = 36 - 24. Let q(f) = 7 + c*f + 6*f - 13*f. Give q(8).
-1
Let s(u) = 10*u + 5. Let j(l) = -5*l - 3. Let z(c) = 5*j(c) + 2*s(c). Calculate z(-2).
5
Let p = -20 + 17. Let m(h) = h**2 + h - 5. Let n be m(p). Suppose -3*u - 4*y + 2 = 2*u, 0 = 5*u + 3*y + n. Let s(a) = a**3 + 4*a**2 + 1. What is s(u)?
9
Let m(n) = n**3 - 6*n**2 - 9*n + 7. Suppose -15*v - 4*v + 133 = 0. Give m(v).
-7
Let o(g) = -30 + 39 - 9 + 4*g. Let v = -2 + 3. Suppose v - 3 = k. Determine o(k).
-8
Let m(t) = -29 + 16 + 20 - 7*t - t**2. Calculate m(-7).
7
Let r be (-2)/5 + (-4)/(-10). Let m(w) = 3*w - 4 + 14 + 7 - 2*w. Give m(r).
17
Let l(r) = r**3 + 6*r**2 + 4*r - 3. Suppose 4*n - 2*h + 72 = 0, -n + 2 = 5*h + 9. Let t(a) = 2*a**2 - 6*a + 12. Let w be t(0). Let b = w + n. Give l(b).
2
Suppose -2*l - 95 + 23 = 0. Let h = 34 + l. Let y(f) = f**2 + 3*f + 2. Calculate y(h).
0
Let n(h) be the first derivative of -h**5/10 + h**4/24 - 23*h**3/3 + h**2 - 45. Let l(u) be the third derivative of n(u). Give l(2).
-23
Let o(k) = -4*k - 299 + 4*k + 3*k + 290 - 2*k. Calculate o(-10).
-19
Let g(s) be the first derivative of 